 What is the hundreds digit of -1 + g/(24/(-798))?
1
Suppose -r = 4*z - 6*r - 8609, 2*z = 4*r + 4300. Let k = z - 1431. What is the tens digit of k?
2
Let g = 129 + -129. Suppose -z + 9*z + 37224 = g. What is the hundreds digit of z/(-22)*(-2)/(-3)?
1
What is the units digit of (0 - 4) + 11 + -12 + 586?
1
Suppose -c + 41 = 3*a, 4*c - 2*a = -3*a + 164. Let i = -10 + 15. Suppose -q - 49 = -i*h + c, -5*q = 5*h - 60. What is the tens digit of h?
1
Suppose -8*z - w = -6*z - 6, z - w = 6. Let o be (3/(-2))/(2189/1096 - 2). Suppose 684 = 5*j - 2*i, z*j - o = -0*j + 2*i. What is the tens digit of j?
3
Suppose -114638 = -56*k - 68*k + 38*k. What is the units digit of k?
3
What is the units digit of 20*((-22256)/(-32) - 2*3)?
0
Suppose -3*r + 26 - 14 = 0. Let g be 2214/r + (20/8)/(-5). Suppose -5*j = -147 - g. What is the hundreds digit of j?
1
Suppose 15*s + 4322 = 116162. What is the hundreds digit of s?
4
Let a(k) = 30*k**2 - 25*k - 35. Let h be a(28). What is the units digit of (h/(-140))/(((-5)/4)/5)?
1
Let k = 1935 - -12349. What is the thousands digit of k?
4
Let k(t) = 315*t + 207. Let u be k(8). Let o = -1927 + u. What is the units digit of o?
0
Let s = 96 + -32. Suppose 0 = 2*q - s - 352. What is the units digit of q?
8
Suppose 0 = -y + 4*u + 24 - 23, -3*y - 5*u = -20. Suppose 3248 - 7663 = -y*i. What is the units digit of i?
3
Let y(j) = j - 31. Let i(h) = 266*h - 134. Let l(q) = -i(q) + 4*y(q). Let k = -3 - -2. What is the units digit of l(k)?
2
Suppose 11*m - 12*m + 2 = 0. Suppose w + 3*x + m*x - 717 = 0, -2*w - 3*x = -1455. What is the units digit of w?
2
Suppose -47*k + 5*a + 31417 = -46*k, -k + 31417 = 2*a. What is the ten thousands digit of k?
3
Let v(i) = 2*i**3 - 15*i**2 - 5*i - 42. Let k be v(10). Let x = -39 + k. What is the tens digit of x?
6
Let y(r) = 3*r**3 + 5*r**2 + r + 8. Let w be y(-4). Suppose 0 = 2*u + 3*v - 307, -2*u - 2*u = 3*v - 611. Let s = u + w. What is the tens digit of s?
4
Suppose 0 = 11*f - 74 + 30. Suppose f*z = -4*b + 288, 4*z - b = 226 + 52. What is the tens digit of z?
7
Let u(f) = 6*f + 15. Let p(g) = g + 3. Let z(l) = -11*p(l) + 2*u(l). Let k be z(-3). What is the tens digit of (5 + -38)*4/k?
2
Suppose 0 = r - 0*r - 100. Let u = 1008 + -1018. Let c = u + r. What is the tens digit of c?
9
Suppose 110061 = 26*r - 70301. What is the thousands digit of r?
6
Let m(b) = -1132*b + 54. Let x be m(-2). Suppose -25*a - 343 + x = 0. What is the tens digit of a?
7
Let p = -568 + 491. Let v = p - -708. What is the tens digit of v?
3
Let g = 206 + -193. Let f(h) be the third derivative of -h**6/120 + h**5/4 - 17*h**4/24 - 2*h**3/3 - h**2. What is the units digit of f(g)?
3
Let b(u) = 22 - 8*u - 5*u - 6*u + 4*u. Let h(z) = z - 1. Let p(r) = -b(r) - 5*h(r). What is the tens digit of p(7)?
5
Let a = -265 - -338. Suppose -2*d = -a + 19. What is the units digit of d?
7
Let y = 42941 - -6305. What is the units digit of y?
6
Suppose -2*d + 8 = -2*a, -10 = -3*d + 5*a - 0. Let b(k) be the first derivative of k**3/3 - 3*k**2/2 - 6*k - 706. What is the units digit of b(d)?
4
What is the hundreds digit of -4 - ((-166)/3)/(64/6048)?
2
Suppose 96*o - 109*o + 26 = 0. Suppose o*q = 4, 0*q - 2*q = i - 1650. What is the tens digit of i?
4
Let u = -73 - -75. Suppose -4*h + 3*c = -u*h - 166, -3*c - 338 = -4*h. Suppose -2*d + h = -268. What is the tens digit of d?
7
Let x = 287 + -287. Suppose x = 36*z - 24*z - 10116. What is the tens digit of z?
4
What is the thousands digit of -20 + 24 + 9823 + 7?
9
What is the hundreds digit of ((-100)/(-5) - 25) + 3140?
1
Let v be -2 + 4 + -240 + 0. Let b(n) = n**2 + 39*n + 185. Let j be b(-31). Let y = j - v. What is the hundreds digit of y?
1
Suppose -72*f + 1399013 - 136245 = 136*f. What is the tens digit of f?
7
Suppose 0 = -3*o - 12, 1308 = 2*h + 3*o + o. Let a = h + -376. What is the tens digit of a?
8
What is the thousands digit of (581250/(-60) + 30)*2/(-5)?
3
Suppose 7*g - 14 = 5*g. Suppose 0 = -g*x - 395 - 123. Let h = 123 + x. What is the tens digit of h?
4
Let o(k) = -871*k + 6. Let l be o(1). What is the hundreds digit of -4*(-1)/((-10)/l)?
3
Let x(z) = 3*z - 32. Let y(q) = -16*q + 159. Let s(a) = 11*x(a) + 2*y(a). Let w be s(14). What is the units digit of w*(3 + (-36)/5)?
4
Suppose 7*i - 14 = -3*h + 3*i, -2*h + 24 = -i. Suppose 4623 = 54*f - 2181. Suppose 0 = h*a - a - f. What is the tens digit of a?
1
Let d(y) = 5*y - 5. Let u be d(-2). Let k = u - -20. Suppose -k*c + 384 = -c. What is the tens digit of c?
9
Let p(g) = 63*g + 12*g**2 - 38*g**2 - 20*g + g**3 - 56. What is the tens digit of p(26)?
6
Let d = -33 + 37. Suppose -3*w = -d*w + 4*j + 324, 0 = -5*w - 2*j + 1686. What is the units digit of w?
6
Suppose -s + 5521 = -2*o, s - 356 = o + 5167. What is the hundreds digit of s?
5
Let q be (-16016)/(-98) - (-3)/(-7). Suppose -q = -k - 40. Suppose -k = -b + 2*p, p = -3*b + 154 + 250. What is the units digit of b?
3
Let w = 996 + 1098. Let x = w + -1229. What is the tens digit of x?
6
Let z(j) = 13*j**2 - 5*j - 59. Suppose 26 = 5*o + 3*u, -3*o + u + 27 = -u. What is the tens digit of z(o)?
4
Let a = -5937 + 10874. What is the hundreds digit of a?
9
Let q = -548 - -59. Let h = q + 1914. What is the thousands digit of h?
1
Let y(d) = 34*d**3 + 7 - 5*d - 68*d**3 - d + 35*d**3 - d**2 + 34. What is the hundreds digit of y(8)?
4
Let z(i) = -11*i - 9. Let l be z(-5). Let f = l + -41. Suppose -f*k + 103 = -437. What is the hundreds digit of k?
1
Let n be 1/(4/(-10) - (-3)/5). Suppose 4*t - n*t = c - 10, -5*t - 10 = -5*c. What is the tens digit of -1 + c/4 + 3438/12?
8
Let w = -68 - -10. Let p(i) = -8*i - 6. Let j be p(-13). Let g = w + j. What is the units digit of g?
0
What is the hundreds digit of (-40)/10 + -1 + 14984/1?
9
Suppose -4*h + 4141 + 576 = 5*m, 3*h = -5*m + 3539. Suppose -5*q + 3860 = 3*z - h, 5*z + q = 8382. What is the tens digit of z?
7
Suppose -3 = r - 7. Suppose -2*m = -3*m + r. Suppose h + 3*p - 63 = -m*h, 3*h - 4*p - 61 = 0. What is the tens digit of h?
1
Let i = 124 - 120. Suppose -b - i*z = -149, 7*b - 10*b + 2*z = -433. What is the tens digit of b?
4
Suppose 0 = 45*k - 26*k - 21508. Let b be ((-6)/(-18))/((-1)/(-75)). Suppose 0 = -21*w + b*w - k. What is the hundreds digit of w?
2
Let w(t) = 1140*t - 2919. What is the thousands digit of w(22)?
2
What is the tens digit of -5 + 0 - 6/12*(14 - 18476)?
2
Suppose 3*f = 18, -55*y + 4*f = -53*y - 84. What is the tens digit of y?
5
Let y(g) be the second derivative of -g**4/12 - g**3 + g**2/2 - 33*g. Let x be y(-5). Suppose 8*z - x*z - 502 = 0. What is the units digit of z?
1
Let r = -251 + 418. Let g = -123 + r. What is the units digit of g?
4
Suppose -4*u = 1335 + 217. Let w = u - -600. What is the hundreds digit of w?
2
Suppose -5*b + 52 = 2. Let t(m) = 17*m**2 - 90*m - 14. What is the units digit of t(b)?
6
Suppose 65200 = -168*y + 178*y. What is the thousands digit of y?
6
Suppose 3*r = -t + 996, -6*t + 5*t + 990 = r. Let n = t - 585. What is the hundreds digit of n?
4
Suppose 10*j - 1207680 = -27*j - 23*j. What is the ten thousands digit of j?
2
Suppose 3*c - 137*y = -141*y + 264858, 0 = 7*y. What is the units digit of c?
6
Suppose -36*v - 945900 = -72*v. What is the units digit of v?
5
What is the hundreds digit of 9838530/198 + (-126)/231?
6
Let s(f) be the second derivative of 11*f**3/2 - 15*f**2 - 24*f. Let h be s(8). Suppose 2*r = l - 49, -3*r + 50 + h = 5*l. What is the tens digit of l?
5
Suppose 4*g - 2454 = -94. Let d = g + -293. What is the tens digit of d?
9
Suppose 3*f - 16 = -4. Let t(n) = f*n + 8*n + 3 + 21*n**2 - 8*n. What is the hundreds digit of t(-3)?
1
Let c = 51 - 49. Suppose -b = -0 + c. What is the tens digit of (-427)/(-7)*(-2 + 1 - b)?
6
Suppose -2*z = z + 210. Let h be (-1 - -481)/(-4) + 1 + 2. Let p = z - h. What is the units digit of p?
7
Let z = 639 + -217. Suppose 5*b - 2035 = 5*j, 0*b + b + 2*j = z. What is the hundreds digit of b?
4
Let u(c) = -3*c + 46. Let n be u(-23). Let o = 737 - n. What is the hundreds digit of o?
6
Suppose -66 = 5*x - 2*n + 176, 5*n - 5 = 0. What is the tens digit of 504/x*(-10)/3?
3
Let s = -55 + 52. Let u = s + 34. What is the tens digit of u?
3
Let i = 11292 + -7573. What is the hundreds digit of i?
7
Suppose 8*n = 10*n - 2*v - 1084, -5*n + 2*v = -2695. Suppose -263